{"id":319,"date":"2022-12-18T12:58:48","date_gmt":"2022-12-18T12:58:48","guid":{"rendered":"https:\/\/oznakgroup.com.tr\/?page_id=319"},"modified":"2022-12-18T14:46:54","modified_gmt":"2022-12-18T14:46:54","slug":"mogolistan-nakliye","status":"publish","type":"page","link":"https:\/\/oznakgroup.com.tr\/index.php\/mogolistan-nakliye\/","title":{"rendered":"Mo\u011folistan Nakliye"},"content":{"rendered":"\t\t<div data-elementor-type=\"wp-page\" data-elementor-id=\"319\" class=\"elementor elementor-319\">\n\t\t\t\t\t\t\t\t\t<section class=\"elementor-section elementor-top-section elementor-element elementor-element-469dba5 elementor-section-boxed elementor-section-height-default elementor-section-height-default tf-sticky-section tf-sticky-no\" data-id=\"469dba5\" data-element_type=\"section\" data-settings=\"{&quot;tf_sticky&quot;:&quot;no&quot;}\">\n\t\t\t\t\t\t<div class=\"elementor-container elementor-column-gap-default\">\n\t\t\t\t\t<div class=\"elementor-column elementor-col-100 elementor-top-column elementor-element elementor-element-67c2653\" data-id=\"67c2653\" data-element_type=\"column\">\n\t\t\t<div class=\"elementor-widget-wrap elementor-element-populated\">\n\t\t\t\t\t\t\t\t<div class=\"elementor-element elementor-element-2f21d44 elementor-widget elementor-widget-text-editor\" data-id=\"2f21d44\" data-element_type=\"widget\" data-widget_type=\"text-editor.default\">\n\t\t\t\t<div class=\"elementor-widget-container\">\n\t\t\t<style>\/*! elementor - v3.13.3 - 22-05-2023 *\/\n.elementor-widget-text-editor.elementor-drop-cap-view-stacked .elementor-drop-cap{background-color:#69727d;color:#fff}.elementor-widget-text-editor.elementor-drop-cap-view-framed .elementor-drop-cap{color:#69727d;border:3px solid;background-color:transparent}.elementor-widget-text-editor:not(.elementor-drop-cap-view-default) .elementor-drop-cap{margin-top:8px}.elementor-widget-text-editor:not(.elementor-drop-cap-view-default) .elementor-drop-cap-letter{width:1em;height:1em}.elementor-widget-text-editor .elementor-drop-cap{float:left;text-align:center;line-height:1;font-size:50px}.elementor-widget-text-editor .elementor-drop-cap-letter{display:inline-block}<\/style>\t\t\t\t<p style=\"overflow-wrap: break-word; margin-right: 0px; margin-bottom: 0px; margin-left: 0px; padding: 0px 0px 1em; border: 0px; outline: 0px; font-size: 14px; text-size-adjust: 100%; vertical-align: baseline; background-image: initial; background-position: initial; background-size: initial; background-repeat: initial; background-attachment: initial; background-origin: initial; background-clip: initial; color: rgb(102, 102, 102); font-family: &quot;Open Sans&quot;, Arial, sans-serif;\">Olduk\u00e7a geni\u015f bir alana yay\u0131lm\u0131\u015f Mo\u011folistan genel olarak be\u015f b\u00f6lgeye ayr\u0131lm\u0131\u015ft\u0131r. Her b\u00f6lge farkl\u0131<\/p><p style=\"overflow-wrap: break-word; margin-right: 0px; margin-bottom: 0px; margin-left: 0px; padding: 0px 0px 1em; border: 0px; outline: 0px; font-size: 14px; text-size-adjust: 100%; vertical-align: baseline; background-image: initial; background-position: initial; background-size: initial; background-repeat: initial; background-attachment: initial; background-origin: initial; background-clip: initial; color: rgb(102, 102, 102); font-family: &quot;Open Sans&quot;, Arial, sans-serif;\">belediyelere b\u00f6l\u00fcnm\u00fc\u015ft\u00fcr. Mo\u011folistan\u2019\u0131n ikinci en b\u00fcy\u00fck kenti Erdenet hal\u0131 ve bak\u0131r madencili\u011fi ile \u00f6n plana \u00e7\u0131km\u0131\u015ft\u0131r. Geni\u015f co\u011frafyaya sahip olan bu \u00fclke T\u00fcrkiye ile olan ithalat\u0131n\u0131 ve ihracat\u0131n\u0131 kara yolundan yapmaktad\u0131r. Bu yo\u011fun ticaret trafi\u011finde&nbsp;\u00d6znak Group<b style=\"margin: 0px; padding: 0px; border: 0px; outline: 0px; text-size-adjust: 100%; vertical-align: baseline; background: transparent;\">&nbsp;<\/b>olarak sizlere kaliteli, profesyonel bir hizmet sunuyoruz.<\/p><p style=\"overflow-wrap: break-word; margin-right: 0px; margin-bottom: 0px; margin-left: 0px; padding: 0px 0px 1em; border: 0px; outline: 0px; font-size: 14px; text-size-adjust: 100%; vertical-align: baseline; background-image: initial; background-position: initial; background-size: initial; background-repeat: initial; background-attachment: initial; background-origin: initial; background-clip: initial; color: rgb(102, 102, 102); font-family: &quot;Open Sans&quot;, Arial, sans-serif;\"><\/p><h2 style=\"overflow-wrap: break-word; margin: 0px; padding: 0px 0px 10px; border: 0px; outline: 0px; font-size: 26px; text-size-adjust: 100%; vertical-align: baseline; background-image: initial; background-position: initial; background-size: initial; background-repeat: initial; background-attachment: initial; background-origin: initial; background-clip: initial; color: rgb(51, 51, 51); line-height: 1em; font-weight: 500; font-family: &quot;Open Sans&quot;, Arial, sans-serif; letter-spacing: normal;\"><b style=\"margin: 0px; padding: 0px; border: 0px; outline: 0px; text-size-adjust: 100%; vertical-align: baseline; background: transparent;\"><span style=\"margin: 0px; padding: 0px; border: 0px; outline: 0px; text-size-adjust: 100%; vertical-align: baseline; background: transparent;\">&nbsp;<\/span>Mo\u011folistan Parsiyel Ta\u015f\u0131mac\u0131l\u0131k<\/b><\/h2><p style=\"overflow-wrap: break-word; margin-right: 0px; margin-bottom: 0px; margin-left: 0px; padding: 0px 0px 1em; border: 0px; outline: 0px; font-size: 14px; text-size-adjust: 100%; vertical-align: baseline; background-image: initial; background-position: initial; background-size: initial; background-repeat: initial; background-attachment: initial; background-origin: initial; background-clip: initial; color: rgb(102, 102, 102); font-family: &quot;Open Sans&quot;, Arial, sans-serif;\"><b style=\"margin: 0px; padding: 0px; border: 0px; outline: 0px; text-size-adjust: 100%; vertical-align: baseline; background: transparent;\">Mo\u011folistan parsiyel ta\u015f\u0131mac\u0131l\u0131k<\/b>; ba\u015fkenti&nbsp;<b style=\"margin: 0px; padding: 0px; border: 0px; outline: 0px; text-size-adjust: 100%; vertical-align: baseline; background: transparent;\">Ulanbator&nbsp;<\/b>ile \u0130stanbul aras\u0131&nbsp;<b style=\"margin: 0px; padding: 0px; border: 0px; outline: 0px; text-size-adjust: 100%; vertical-align: baseline; background: transparent;\">7.916 km<\/b>&nbsp;oldu\u011fundan genellikle kara ta\u015f\u0131mac\u0131l\u0131\u011f\u0131 tercih edilerek yap\u0131lmaktad\u0131r. Mo\u011folistan parsiyel ihracat, ithalat ve transit nakliye konusunda sekt\u00f6rde en iyiler aras\u0131nda yerini alan&nbsp;\u00d6znak Group y\u0131llar\u0131n verdi\u011fi tecr\u00fcbe ve kalitesiyle d\u00fczenli olarak ba\u015fta Ulan Bator, Erdenet, Darkhan, Choibalsan, \u00d6lgii, Sainshand, Ulaangom, Khovd, M\u00f6r\u00f6n, Uliastai, S\u00fckhbaatar, Bayankhongor, Arvaikheer, Tsetserleg, Z\u00fc\u00fcnkharaa, Altai, Zuunmod, Bulgan, Nalaikh, Baruun-Urt, Mandalgovi, Dalanzadgad, \u00d6nd\u00f6rkhaan, Choir ve Tosontsengelolmak \u00fczere Mo\u011folistan\u2019\u0131n t\u00fcm \u015fehirlerine firmam\u0131za ait ara\u00e7larla faaliyetlerimizi s\u00fcrd\u00fcrmekteyiz.<\/p><p style=\"overflow-wrap: break-word; margin-right: 0px; margin-bottom: 0px; margin-left: 0px; padding: 0px 0px 1em; border: 0px; outline: 0px; font-size: 14px; text-size-adjust: 100%; vertical-align: baseline; background-image: initial; background-position: initial; background-size: initial; background-repeat: initial; background-attachment: initial; background-origin: initial; background-clip: initial; color: rgb(102, 102, 102); font-family: &quot;Open Sans&quot;, Arial, sans-serif;\"><b style=\"margin: 0px; padding: 0px; border: 0px; outline: 0px; text-size-adjust: 100%; vertical-align: baseline; background: transparent;\">Mo\u011folistan<\/b>&nbsp;<b style=\"margin: 0px; padding: 0px; border: 0px; outline: 0px; text-size-adjust: 100%; vertical-align: baseline; background: transparent;\">parsiyel nakliye<\/b>, \u00fcr\u00fcnlerin niteli\u011fine g\u00f6re de\u011fi\u015fik \u00f6zelliklere sahip ve son model ara\u00e7larla yap\u0131lmaktad\u0131r. Pek \u00e7ok \u00fcr\u00fcn \u00e7e\u015fidi ithal edildi\u011finden,&nbsp;Mo\u011folistan<b style=\"margin: 0px; padding: 0px; border: 0px; outline: 0px; text-size-adjust: 100%; vertical-align: baseline; background: transparent;\">&nbsp;kara yolu ta\u015f\u0131mac\u0131l\u0131\u011f\u0131<\/b>&nbsp;i\u00e7in bazen frigofrik ara\u00e7lar, bazen TIR\u2019lar ve bazen de lowbed ara\u00e7lar kullan\u0131lmaktad\u0131r. Parsiyel y\u00fcklerinin Mo\u011folistan\u2019\u0131n her hangi bir \u015fehrine ula\u015ft\u0131r\u0131lmas\u0131 en fazla 9-18 g\u00fcn s\u00fcrmektedir ve ilgili g\u00fcmr\u00fck yerlerine ula\u015ft\u0131r\u0131lmaktad\u0131r. \u0130hracat kay\u0131tl\u0131, g\u00fcmr\u00fckl\u00fc olarak g\u00f6nderilmesi d\u00fc\u015f\u00fcn\u00fclen ta\u015f\u0131nabilir kolili, paletli, \u00e7uvall\u0131, kasal\u0131, sand\u0131kl\u0131 her t\u00fcrl\u00fc parsiyel y\u00fck\u00fcn Mo\u011folistana\u2019a ta\u015f\u0131nmas\u0131n\u0131 tamam\u0131 sigorta g\u00fcvencesinde bulunan t\u0131rlar\u0131m\u0131z ile ger\u00e7ekle\u015ftiriyoruz.<\/p><p style=\"overflow-wrap: break-word; margin-right: 0px; margin-bottom: 0px; margin-left: 0px; padding: 0px 0px 1em; border: 0px; outline: 0px; font-size: 14px; text-size-adjust: 100%; vertical-align: baseline; background-image: initial; background-position: initial; background-size: initial; background-repeat: initial; background-attachment: initial; background-origin: initial; background-clip: initial; color: rgb(102, 102, 102); font-family: &quot;Open Sans&quot;, Arial, sans-serif;\">Sonu\u00e7 olarak kaliteli hizmet anlay\u0131\u015f\u0131m\u0131zdan bir an olsun \u00f6d\u00fcn vermeden yapt\u0131\u011f\u0131m\u0131z parsiyel nakliye \u00e7al\u0131\u015fmalar\u0131m\u0131z neticesinde t\u00fcm m\u00fc\u015fterilerimizin be\u011feni ve takdirlerini toplamaktay\u0131z. Mo\u011folistan parsiyel nakliye \u00e7al\u0131\u015fan firmalar aras\u0131nda \u00f6n plana \u00e7\u0131kan en \u00f6nemli \u00f6zelliklerimizin ba\u015f\u0131nda m\u00fc\u015fteri memnuniyetine odakl\u0131 \u00e7al\u0131\u015fmalar\u0131m\u0131z gelmektedir. Mali kazan\u0131mlar\u0131 s\u00fcrekli ikincil planda tutarak tamamen m\u00fc\u015fteri memnuniyetine odaklanan firmam\u0131z g\u00fcn\u00fcn her an\u0131 g\u00f6rev ba\u015f\u0131nda bulunan deneyimli ve uzman personellerimiz vas\u0131tas\u0131 ile son derece kaliteli i\u015fler \u00e7\u0131karmaktay\u0131z.<\/p><p style=\"overflow-wrap: break-word; margin-right: 0px; margin-bottom: 0px; margin-left: 0px; padding: 0px 0px 1em; border: 0px; outline: 0px; font-size: 14px; text-size-adjust: 100%; vertical-align: baseline; background-image: initial; background-position: initial; background-size: initial; background-repeat: initial; background-attachment: initial; background-origin: initial; background-clip: initial; color: rgb(102, 102, 102); font-family: &quot;Open Sans&quot;, Arial, sans-serif;\"><\/p><h2 style=\"overflow-wrap: break-word; margin: 0px; padding: 0px 0px 10px; border: 0px; outline: 0px; font-size: 26px; text-size-adjust: 100%; vertical-align: baseline; background-image: initial; background-position: initial; background-size: initial; background-repeat: initial; background-attachment: initial; background-origin: initial; background-clip: initial; color: rgb(51, 51, 51); line-height: 1em; font-weight: 500; font-family: &quot;Open Sans&quot;, Arial, sans-serif; letter-spacing: normal;\"><b style=\"margin: 0px; padding: 0px; border: 0px; outline: 0px; text-size-adjust: 100%; vertical-align: baseline; background: transparent;\">Mo\u011folistan Nakliyede \u0130hracat \u0130thalat<\/b><\/h2><p style=\"overflow-wrap: break-word; margin-right: 0px; margin-bottom: 0px; margin-left: 0px; padding: 0px 0px 1em; border: 0px; outline: 0px; font-size: 14px; text-size-adjust: 100%; vertical-align: baseline; background-image: initial; background-position: initial; background-size: initial; background-repeat: initial; background-attachment: initial; background-origin: initial; background-clip: initial; color: rgb(102, 102, 102); font-family: &quot;Open Sans&quot;, Arial, sans-serif;\">Mo\u011folistan ba\u015fl\u0131ca ihra\u00e7 \u00fcr\u00fcnlerimiz elektrikli su \u0131s\u0131t\u0131c\u0131lar\u0131, elektrotermik cihazlar, ortam \u0131s\u0131t\u0131c\u0131lar\u0131, sa\u00e7 ve el kurutucular\u0131, \u00fct\u00fcler, radyat\u00f6r, motorlu hava p\u00fcsk\u00fcrt\u00fcc\u00fcler, kakao i\u00e7ermeyen \u015feker mamulleri, makine, ki\u015fisel temizlik \u00fcr\u00fcnleri, g\u0131da ve sobad\u0131r. Ba\u015fl\u0131ca ithal \u00fcr\u00fcnlerimiz; \u00f6rme tekstil \u00fcr\u00fcnleri (kazak, s\u00fcveter, h\u0131rka, yelek vb.), \u015fallar, e\u015farplar, fularlar, ka\u015fkollar, pe\u00e7elerdir.<\/p>\t\t\t\t\t\t<\/div>\n\t\t\t\t<\/div>\n\t\t\t\t\t<\/div>\n\t\t<\/div>\n\t\t\t\t\t\t\t<\/div>\n\t\t<\/section>\n\t\t\t\t\t\t\t<\/div>\n\t\t","protected":false},"excerpt":{"rendered":"<p>Olduk\u00e7a geni\u015f bir alana yay\u0131lm\u0131\u015f Mo\u011folistan genel olarak be\u015f b\u00f6lgeye ayr\u0131lm\u0131\u015ft\u0131r. Her b\u00f6lge farkl\u0131 belediyelere b\u00f6l\u00fcnm\u00fc\u015ft\u00fcr. Mo\u011folistan\u2019\u0131n ikinci en b\u00fcy\u00fck kenti Erdenet hal\u0131 ve bak\u0131r madencili\u011fi ile \u00f6n plana \u00e7\u0131km\u0131\u015ft\u0131r. Geni\u015f co\u011frafyaya sahip olan bu \u00fclke T\u00fcrkiye ile olan ithalat\u0131n\u0131 ve ihracat\u0131n\u0131 kara yolundan yapmaktad\u0131r. Bu yo\u011fun ticaret trafi\u011finde&nbsp;\u00d6znak Group&nbsp;olarak sizlere kaliteli, profesyonel bir hizmet [&hellip;]<\/p>\n","protected":false},"author":1,"featured_media":0,"parent":0,"menu_order":0,"comment_status":"closed","ping_status":"closed","template":"","meta":[],"_links":{"self":[{"href":"https:\/\/oznakgroup.com.tr\/index.php\/wp-json\/wp\/v2\/pages\/319"}],"collection":[{"href":"https:\/\/oznakgroup.com.tr\/index.php\/wp-json\/wp\/v2\/pages"}],"about":[{"href":"https:\/\/oznakgroup.com.tr\/index.php\/wp-json\/wp\/v2\/types\/page"}],"author":[{"embeddable":true,"href":"https:\/\/oznakgroup.com.tr\/index.php\/wp-json\/wp\/v2\/users\/1"}],"replies":[{"embeddable":true,"href":"https:\/\/oznakgroup.com.tr\/index.php\/wp-json\/wp\/v2\/comments?post=319"}],"version-history":[{"count":0,"href":"https:\/\/oznakgroup.com.tr\/index.php\/wp-json\/wp\/v2\/pages\/319\/revisions"}],"wp:attachment":[{"href":"https:\/\/oznakgroup.com.tr\/index.php\/wp-json\/wp\/v2\/media?parent=319"}],"curies":[{"name":"wp","href":"https:\/\/api.w.org\/{rel}","templated":true}]}}