{"id":307,"date":"2022-12-18T12:55:26","date_gmt":"2022-12-18T12:55:26","guid":{"rendered":"https:\/\/oznakgroup.com.tr\/?page_id=307"},"modified":"2022-12-18T14:09:56","modified_gmt":"2022-12-18T14:09:56","slug":"iran-nakliye","status":"publish","type":"page","link":"https:\/\/oznakgroup.com.tr\/index.php\/iran-nakliye\/","title":{"rendered":"\u0130ran Nakliye"},"content":{"rendered":"\t\t<div data-elementor-type=\"wp-page\" data-elementor-id=\"307\" class=\"elementor elementor-307\">\n\t\t\t\t\t\t\t\t\t<section class=\"elementor-section elementor-top-section elementor-element elementor-element-57bce3e elementor-section-boxed elementor-section-height-default elementor-section-height-default tf-sticky-section tf-sticky-no\" data-id=\"57bce3e\" data-element_type=\"section\" data-settings=\"{&quot;tf_sticky&quot;:&quot;no&quot;}\">\n\t\t\t\t\t\t<div class=\"elementor-container elementor-column-gap-default\">\n\t\t\t\t\t<div class=\"elementor-column elementor-col-100 elementor-top-column elementor-element elementor-element-b6920e0\" data-id=\"b6920e0\" data-element_type=\"column\">\n\t\t\t<div class=\"elementor-widget-wrap elementor-element-populated\">\n\t\t\t\t\t\t\t\t<div class=\"elementor-element elementor-element-5ccc1da elementor-widget elementor-widget-text-editor\" data-id=\"5ccc1da\" data-element_type=\"widget\" data-widget_type=\"text-editor.default\">\n\t\t\t\t<div class=\"elementor-widget-container\">\n\t\t\t<style>\/*! elementor - v3.13.3 - 22-05-2023 *\/\n.elementor-widget-text-editor.elementor-drop-cap-view-stacked .elementor-drop-cap{background-color:#69727d;color:#fff}.elementor-widget-text-editor.elementor-drop-cap-view-framed .elementor-drop-cap{color:#69727d;border:3px solid;background-color:transparent}.elementor-widget-text-editor:not(.elementor-drop-cap-view-default) .elementor-drop-cap{margin-top:8px}.elementor-widget-text-editor:not(.elementor-drop-cap-view-default) .elementor-drop-cap-letter{width:1em;height:1em}.elementor-widget-text-editor .elementor-drop-cap{float:left;text-align:center;line-height:1;font-size:50px}.elementor-widget-text-editor .elementor-drop-cap-letter{display:inline-block}<\/style>\t\t\t\t<h2><b>\u0130ran Nakliye<\/b><\/h2>\n<p>\u00d6zellikle s\u00fcrekli olarak geli\u015fen ve de\u011fi\u015fen teknolojik standartlar neticesinde pek \u00e7ok \u00e7e\u015fitli sekt\u00f6rler ve i\u015fkollar\u0131, bir\u00e7ok farkl\u0131 tarz ve niteliklerde olmak \u00fczere kar\u015f\u0131m\u0131za \u00e7\u0131kmaktad\u0131r. Modern \u00e7a\u011f\u0131m\u0131z\u0131n getirileri neticesinde devaml\u0131 olarak de\u011fi\u015fim g\u00f6stermekte olan teknik i\u015f dallar\u0131 da bu alanda olduk\u00e7a \u00f6nemli bir konumda kendisine yer bulmaktad\u0131r. G\u00fcn\u00fcm\u00fczde en kritik teknik hizmet se\u00e7eneklerinin ba\u015f\u0131nda gelen nakliye hizmetleri de modern \u00e7a\u011f\u0131m\u0131z\u0131n standartlar\u0131 gere\u011fince s\u00fcrekli olarak geli\u015fim kaydetmektedir. Uluslararas\u0131 kapsamda pek \u00e7ok \u00e7e\u015fitli b\u00f6lgelerde oldu\u011fu gibi \u00fclkemiz olan T\u00fcrkiye s\u0131n\u0131rlar\u0131 i\u00e7erisinde ve d\u0131\u015f\u0131nda da bir\u00e7ok farkl\u0131 nakliyat faaliyetleri y\u00fcr\u00fct\u00fclmektedir. D\u00fcnyan\u0131n bir\u00e7ok \u00e7e\u015fitli b\u00f6lgelerinde oldu\u011fu gibi \u00fclkemiz T\u00fcrkiye\u2019nin de pek \u00e7ok farkl\u0131 ticari i\u015f orta\u011f\u0131 olan \u00fclkeler mevcuttur.<\/p>\n<p>\u00dclkemizin en \u00f6nemli ticari i\u015f partnerlerinden bir tanesi olarak \u00f6ne \u00e7\u0131kan \u0130ran \u00fclkesi de <b>\u0130ran nakliyat <\/b>hizmetleri hususunda olduk\u00e7a kritik bir konumda yer almaktad\u0131r. T\u00fcrkiye ile en eski ortak s\u0131n\u0131rlara sahip olan \u0130ran, ba\u015fkenti Tahran olan ve 84 milyonluk bir n\u00fcfusa sahip olan bir \u00fclkedir. Tam ad\u0131 \u0130ran \u0130slam Cumhuriyeti olan \u00fclke, G\u00fcneybat\u0131 Asya b\u00f6lgesinde yer almakta ve Ortado\u011fu ticaret yollar\u0131n\u0131n da direkt olarak merkezinde yer almaktad\u0131r. \u00c7ok eski y\u00fczy\u0131llardan beri pek \u00e7ok <b>\u0130ran \u015fehirleri <\/b>ile Ortado\u011fu ve Asya ticaretinin de ba\u015fl\u0131ca b\u00f6lgelerinden olan \u0130ran, \u00fclkemiz T\u00fcrkiye\u2019nin de en \u00f6nemli i\u015f ortaklar\u0131ndan bir tanesi olarak \u00f6ne \u00e7\u0131kmaktad\u0131r. \u00c7e\u015fitli <b>\u0130ran yol g\u00fczergahlar\u0131 <\/b>ile olduk\u00e7a h\u0131zl\u0131 ve pratik bir \u015fekilde eri\u015fim sa\u011flanan \u0130ran b\u00f6lgesi, \u00fclkemizdeki pek \u00e7ok \u00e7e\u015fitli sekt\u00f6rler ve i\u015fkollar\u0131n\u0131 da do\u011frudan beslemektedir.<\/p>\n<p><b>\u0130ran Nakliye Fiyatlar\u0131<\/b><\/p>\n<p>G\u00fcncel olarak global \u00e7apta en \u00f6nemli ticaret kanallar\u0131ndan bir tanesi olarak \u00f6ne \u00e7\u0131kan \u0130ran ve T\u00fcrkiye aras\u0131ndaki ticaret yolu, pek \u00e7ok \u00e7e\u015fitli <b>\u0130ran \u015fehirleri <\/b>ile olduk\u00e7a \u00f6nemli bir nakliyat a\u011f\u0131n\u0131 da b\u00fcnyesinde bar\u0131nd\u0131rmaktad\u0131r. Ortado\u011fu ve Asya ticaretinin de merkez konumunda yer alan s\u00f6z konusu bu iki \u00fclke, olduk\u00e7a kritik bir nakliyat a\u011f\u0131na da sahiptir. Bu alanda hizmet sunan \u00e7e\u015fitli markalar da olduk\u00e7a geni\u015f \u00e7apta bir \u00fccret yelpazesi ile kar\u015f\u0131m\u0131za \u00e7\u0131kmaktad\u0131r.<\/p>\n<p><b>T\u00fcrkiye \u0130ran Nakliye G\u00fczergah\u0131<\/b><\/p>\n<p>\u00dclkemiz ile \u0130ran aras\u0131ndaki nakliyat g\u00fczergah\u0131 kapsam\u0131nda pek \u00e7ok \u00e7e\u015fitli ticaret yollar\u0131 olduk\u00e7a pop\u00fcler bir \u015fekilde tercih edilmektedir. <b>Konya \u0130ran nakliye <\/b>gibi \u00fclkemizin bir\u00e7ok farkl\u0131 \u015fehri ile do\u011frudan temas i\u00e7erisinde olan \u0130ran b\u00f6lgesi, Orta Anadolu b\u00f6lgesinin lojistik a\u011f\u0131n\u0131n da \u00f6nemli bir par\u00e7as\u0131 olarak \u00f6ne \u00e7\u0131kmaktad\u0131r. Temel olarak \u0130stanbul ba\u015fta olmak \u00fczere Anadolu\u2019nun pek \u00e7ok \u00e7e\u015fitli b\u00f6lgelerinden ba\u015flayan bu g\u00fczerg\u00e2h, Asya K\u0131tas\u0131\u2019n\u0131n da en \u00f6nemli lojistik hatlar\u0131ndan bir tanesidir.<\/p>\n<p><b>\u0130ran T\u00fcrkiye Nakliye Fiyatlar\u0131<\/b><\/p>\n<p>\u00d6zellikle <b>\u0130ran kargo <\/b>hizmetleri hususunda olduk\u00e7a makul ve cazip fiyatl\u0131 bir hizmet \u00fccret skalas\u0131 ile \u00f6ne \u00e7\u0131kmakta olan \u00d6znak Group Nakliye markam\u0131z, olduk\u00e7a etkin ve nitelikli seviyede lojistik hizmetlerine de kesintisiz bir \u015fekilde devam etmektedir. <b>\u0130ran kargo \u00fccretleri <\/b>hususunda nispeten olduk\u00e7a uygun fiyatlar\u0131 ile tercih edilen i\u015fletmemiz, olduk\u00e7a zengin i\u00e7erikli ve geni\u015f kapsaml\u0131 bir hizmet a\u011f\u0131na da sahiptir.<\/p>\n<p><b>\u0130ran Nakliye S\u00fcreleri<\/b><\/p>\n<p>\u00d6zellikle <b>\u0130ran konteyner ta\u015f\u0131mac\u0131l\u0131\u011f\u0131 <\/b>gibi pek \u00e7ok \u00e7e\u015fitli alanlardaki efektif \u00e7al\u0131\u015fmalar\u0131 ile \u00f6ne \u00e7\u0131kmakta olan \u00d6znak Group&nbsp;Nakliye markam\u0131z, kendi sekt\u00f6r\u00fcnde \u00f6zg\u00fcn i\u015fletme imaj\u0131na da sahip olmas\u0131 ile tan\u0131nmaktad\u0131r. Olduk\u00e7a h\u0131zl\u0131 ve etkin seviyede nakliyat s\u00fcreleri ile \u00f6ne \u00e7\u0131kan firmam\u0131z, <b>\u0130ran \u00e7al\u0131\u015fan nakliye firmalar\u0131 <\/b>aras\u0131nda da olduk\u00e7a ba\u015far\u0131l\u0131 d\u00fczeyde \u00e7al\u0131\u015fmalar\u0131 ile tercih edilmektedir.<\/p>\n<p><b>\u0130ran Parsiyel Nakliye<\/b><\/p>\n<p>Modern \u00e7a\u011f\u0131m\u0131z\u0131n en \u00f6nemli lojistik hizmet t\u00fcrlerinden bir tanesi olarak \u00f6ne \u00e7\u0131kan parsiyel nakliye \u00e7al\u0131\u015fmalar\u0131, \u00fclkemiz ile \u0130ran aras\u0131nda da olduk\u00e7a pop\u00fcler bir \u015fekilde tercih edilmektedir. G\u00fcn\u00fcm\u00fczde olduk\u00e7a kritik bir lojistik hizmet yolu olarak bilinen <b>\u0130ran parsiyel ta\u015f\u0131mac\u0131l\u0131k <\/b>i\u015fleri de bu noktada \u00e7ok \u00f6nemli bir konumda yer almaktad\u0131r.<\/p>\n<p><b>\u0130ran Parsiyel Ta\u015f\u0131ma Noktalar\u0131<\/b><\/p>\n<p>\u00dclkemiz olan T\u00fcrkiye ile \u0130ran b\u00f6lgesi aras\u0131nda pek \u00e7ok \u00e7e\u015fitli parsiyel ta\u015f\u0131ma noktalar\u0131 mevcuttur. S\u00f6z konusu bu noktalar, <b>\u0130ran T\u00fcrkiye parsiyel <\/b>lojistik hizmetlerinin direkt olarak merkezinde yer almaktad\u0131r. \u0130ran\u2019\u0131n;<\/p>\n<p style=\"text-indent: -18.0pt; mso-list: l0 level1 lfo2;\"><!-- [if !supportLists]--><span style=\"font-family: Symbol; mso-fareast-font-family: Symbol; mso-bidi-font-family: Symbol;\">\u00b7<span style=\"font-variant-numeric: normal; font-variant-east-asian: normal; font-stretch: normal; font-size: 7pt; line-height: normal; font-family: 'Times New Roman';\">&nbsp;&nbsp;&nbsp;&nbsp;&nbsp;&nbsp;&nbsp;&nbsp; <\/span><\/span><!--[endif]-->Tahran, Tebriz, Maku, Zanjan, Urmiya, Mashhad, Bandar, Shiraz, Arak, Zahedan, Abbas,<\/p>\n<p style=\"text-indent: -18.0pt; mso-list: l0 level1 lfo2;\"><!-- [if !supportLists]--><span style=\"font-family: Symbol; mso-fareast-font-family: Symbol; mso-bidi-font-family: Symbol;\">\u00b7<span style=\"font-variant-numeric: normal; font-variant-east-asian: normal; font-stretch: normal; font-size: 7pt; line-height: normal; font-family: 'Times New Roman';\">&nbsp;&nbsp;&nbsp;&nbsp;&nbsp;&nbsp;&nbsp;&nbsp; <\/span><\/span><!--[endif]-->\u0130sfahan ve Bazargan gibi pek \u00e7ok farkl\u0131 \u015fehirleri de bu ta\u015f\u0131ma noktalar\u0131n\u0131n ba\u015f\u0131nda gelmektedir.<\/p>\n<p><b>\u0130ran A\u011f\u0131r Nakliyat<\/b><\/p>\n<p>Temel lojistik metotlar\u0131 aras\u0131ndan bir hayli \u00f6nemli bir yer te\u015fkil eden a\u011f\u0131r nakliyat \u00e7al\u0131\u015fmalar\u0131, d\u00fcnyan\u0131n pek \u00e7ok farkl\u0131 noktalar\u0131nda oldu\u011fu gibi \u00fclkemiz ile \u0130ran aras\u0131nda da tercih edilmektedir. <b>\u0130ran a\u011f\u0131r nakliyat <\/b>hizmetleri alan\u0131nda da pek \u00e7ok \u00e7e\u015fitli ticaret kesim noktalar\u0131, olduk\u00e7a ciddi bir \u015fekilde kullan\u0131lmaktad\u0131r.<\/p>\n<p><b>\u0130ran Frigo Nakliye<\/b><\/p>\n<p>G\u00fcn\u00fcm\u00fczde \u00fclkemizde en \u00e7ok tercih edilen lojistik metotlar\u0131ndan bir tanesi olan <b>\u0130ran frigo parsiyel nakliye <\/b>hizmetleri, olduk\u00e7a se\u00e7kin kapsaml\u0131 bir skalada kar\u015f\u0131m\u0131za \u00e7\u0131kmaktad\u0131r. Ayarlanabilir so\u011futucular yard\u0131m\u0131 ile g\u00fcn i\u00e7erisinde olduk\u00e7a uzun mesafelerde ta\u015f\u0131ma imk\u00e2n\u0131 sunan bu lojistik t\u00fcr\u00fc, \u00fclkemiz ile \u0130ran aras\u0131ndaki en pop\u00fcler nakliyat metotlar\u0131n\u0131n da ba\u015f\u0131nda gelmektedir.<\/p>\n<p><b>\u0130ran Transit Nakliye S\u00fcreleri<\/b><\/p>\n<p>Profesyonel <b>\u0130ran lojistik firmalar\u0131 <\/b>b\u00fcnyesinde olduk\u00e7a lider ve \u00f6nc\u00fc seviyede bir i\u015fletme imaj\u0131na sahip olan \u00d6znak Group&nbsp;Nakliye i\u015fletmemiz, kendi sekt\u00f6r\u00fcnde olduk\u00e7a h\u0131zl\u0131 ve etkin d\u00fczeyde \u00e7al\u0131\u015fma temposu ile \u00f6ne \u00e7\u0131kmaktad\u0131r. <b>\u0130ran kargo g\u00f6nderme <\/b>hizmetleri alan\u0131nda da olduk\u00e7a h\u0131zl\u0131 ve efektif \u00e7al\u0131\u015fmalar\u0131 ile tan\u0131nan markam\u0131z, birinci s\u0131n\u0131f kalitede ve son model firma ara\u00e7 filosuna da sahiptir.<\/p>\n<p><b>Tahran Nakliye<\/b><\/p>\n<p>\u00c7ok eski \u00e7a\u011flardan beri <b>\u0130ran T\u00fcrkiye nakliye <\/b>hizmetleri hususunda olduk\u00e7a \u00f6nemli bir konumda yer alan Tahran \u015fehri, \u0130ran\u2019\u0131n ba\u015fkenti ve en b\u00fcy\u00fck ticaret b\u00f6lgelerinden bir tanesi olarak \u00f6ne \u00e7\u0131kmaktad\u0131r. Temel olarak <b>Tahran nakliye <\/b>hizmetleri alan\u0131nda da pek \u00e7ok farkl\u0131 firmalar profesyonel seviyede nakliye hizmet se\u00e7enekleri ile tan\u0131nmaktad\u0131r.<\/p>\n<p><b>Bazargan Nakliye<\/b><\/p>\n<p>\u00d6zellikle \u0130ran\u2019\u0131n en \u00f6nemli ticaret merkezlerinden bir tanesi olarak \u00f6ne \u00e7\u0131kan Bazargan b\u00f6lgesi, <b>Bazargan nakliye <\/b>hizmetleri kapsam\u0131nda olduk\u00e7a kritik bir konumda kendisine yer bulmaktad\u0131r. <b>\u0130ran y\u00fck borsas\u0131 <\/b>kapsam\u0131nda da olduk\u00e7a \u00f6nemli bir yere sahip olan Bazargan, \u0130ran\u2019\u0131n Bat\u0131 Azerbaycan Eyaleti\u2019nde yer alan kritik bir \u015fehirdir. <b><\/b><\/p>\n<p><b>Mersin \u0130ran Nakliye<\/b><\/p>\n<p>\u00dclkemiz olan T\u00fcrkiye\u2019nin en \u00f6nemli d\u0131\u015f ticaret limanlar\u0131ndan bir tanesi olarak \u00f6ne \u00e7\u0131kan Mersin Liman\u0131, <b>Mersin \u0130ran nakliye <\/b>hizmetleri a\u00e7\u0131s\u0131ndan da olduk\u00e7a \u00f6nemli bir konumda yer almaktad\u0131r. \u00d6zellikle deniz ticareti kapsam\u0131nda olduk\u00e7a kritik bir \u00f6neme sahip olan Mersin b\u00f6lgesi, karayolu nakliyat hizmetlerinde de olduk\u00e7a pop\u00fcler bir \u015fekilde kullan\u0131lmaktad\u0131r.<\/p>\n<p><b>\u0130ran T\u00fcrkiye Nakliye<\/b><\/p>\n<p>\u00d6zel olarak \u0130ran ile \u00fclkemiz olan T\u00fcrkiye aras\u0131ndaki etkin nakliyat hizmetleri hususunda olduk\u00e7a pop\u00fcler bir konumda yer alan \u00d6znak Group&nbsp;Nakliye firmam\u0131z, <b>T\u00fcrkiye \u0130ran ili\u015fkileri <\/b>a\u00e7\u0131s\u0131ndan da olduk\u00e7a kritik bir noktada bulunmaktad\u0131r. Hem lokal hem de global anlamda olduk\u00e7a b\u00fcy\u00fck bir a\u00e7\u0131\u011fa cevap veren markam\u0131z, pek de\u011ferli m\u00fc\u015fterilerinin memnuniyetine de olduk\u00e7a \u00f6nem vermektedir.<\/p>\n<p><b>\u0130ran Karayolu Nakliye<\/b><\/p>\n<p>Genel olarak <b>\u0130ranl\u0131 lojistik firmalar\u0131 <\/b>alan\u0131nda olduk\u00e7a ba\u015far\u0131l\u0131 ve nitelikli d\u00fczeyde \u00e7al\u0131\u015fmalar\u0131 ile \u00f6ne \u00e7\u0131kmakta olan \u00d6znak Group&nbsp;Nakliye firmam\u0131z, uluslararas\u0131 seviyede temel hizmet ve kalite standartlar\u0131na da sahip olmas\u0131 ile tan\u0131nmaktad\u0131r. Uluslararas\u0131 d\u00fczeyde temel hizmet ve kalite standartlar\u0131 gere\u011fince \u00e7al\u0131\u015fmalar\u0131n\u0131 s\u00fcrd\u00fcrmekte olan markam\u0131z, do\u011frudan m\u00fc\u015fteri odakl\u0131 hizmetlerine de devam etmektedir.<\/p>\n<p><b>\u0130ran Nakliye Firmalar\u0131<\/b><\/p>\n<p>Temel olarak <b>\u0130ran kargo \u015firketleri <\/b>klasman\u0131nda olduk\u00e7a nitelikli ve yetkin seviyede teknik hizmet skalas\u0131 ile \u00f6ne \u00e7\u0131kmakta olan \u00d6znak Group&nbsp;Nakliye firmam\u0131z, olduk\u00e7a se\u00e7kin i\u00e7erikli ve geni\u015f kapsaml\u0131 bir hizmet portf\u00f6y\u00fc ile tan\u0131nmaktad\u0131r. S\u00f6z konusu i\u015fletmemiz, kendi alan\u0131nda y\u00fcksek tecr\u00fcbe sahibi teknik ekip personeli ile sekt\u00f6r b\u00fcnyesindeki hizmetlerini s\u00fcrd\u00fcrmektedir.<\/p>\n<p><b>\u0130ran Proje Ta\u015f\u0131mac\u0131l\u0131\u011f\u0131<\/b><\/p>\n<p>\u00d6zellikle profesyonel seviyede proje ta\u015f\u0131mac\u0131l\u0131k hizmetleri ile \u00f6ne \u00e7\u0131kmakta olan \u00d6znak Group&nbsp;Nakliye markam\u0131z, <b>\u0130ran\u2019a \u00e7al\u0131\u015fan nakliye firmalar\u0131 <\/b>aras\u0131nda da olduk\u00e7a etkin ve nitelikli seviyede teknik hizmet standartlar\u0131 ile tan\u0131nmaktad\u0131r. Proje ta\u015f\u0131mac\u0131l\u0131k \u00e7al\u0131\u015fmalar\u0131 alan\u0131nda en \u00fcst d\u00fczey kalitede teknik \u00e7al\u0131\u015fma kalitesi ve olduk\u00e7a etkin seviyede teknik hizmet anlay\u0131\u015f\u0131 ile \u00f6ne \u00e7\u0131kmakta olan i\u015fletmemiz, <b>\u0130stanbul \u0130ran nakliye firmalar\u0131 <\/b>alan\u0131nda da olduk\u00e7a ba\u015far\u0131l\u0131 seviyede \u00e7al\u0131\u015fmalar\u0131 ile tan\u0131nmaktad\u0131r.<\/p>\n<p><b>\u0130ran Kargo<\/b><\/p>\n<p>Temel olarak <b>\u0130ran nakliye \u015firketleri <\/b>aras\u0131nda olduk\u00e7a etkin seviyede hizmetleri ile \u00f6ne \u00e7\u0131kmakta olan \u00d6znak Group&nbsp;Nakliye markam\u0131z, kendi sekt\u00f6r\u00fcnde lider ve \u00f6nc\u00fc d\u00fczeyde \u00e7al\u0131\u015fmalar\u0131yla da \u00f6ne \u00e7\u0131kmaktad\u0131r. \u00d6zellikle profesyonel seviyede hizmet sunan <b>\u0130ran nakliyecileri <\/b>aras\u0131nda olduk\u00e7a nitelikli d\u00fczeyde teknik hizmetleri ile tan\u0131nmakta olan firmam\u0131z, pek \u00e7ok \u00e7e\u015fitli modern ileti\u015fim yollar\u0131na da sahip olmas\u0131 ile tan\u0131nmaktad\u0131r. S\u00f6z konusu markam\u0131z\u0131n envai\u00e7e\u015fit teknik nakliyat hizmetleri i\u00e7in;<\/p>\n<p style=\"text-indent: -18.0pt; mso-list: l1 level1 lfo1;\"><!-- [if !supportLists]--><span style=\"font-family: Symbol; mso-fareast-font-family: Symbol; mso-bidi-font-family: Symbol;\">\u00b7<span style=\"font-variant-numeric: normal; font-variant-east-asian: normal; font-stretch: normal; font-size: 7pt; line-height: normal; font-family: 'Times New Roman';\">&nbsp;&nbsp;&nbsp;&nbsp;&nbsp;&nbsp;&nbsp;&nbsp; <\/span><\/span><!--[endif]-->\u0130\u015fletme internet web sitemiz, firma GSM telefon numaram\u0131z, kurumsal e-posta adresimiz veya<\/p>\n<p><\/p>\n<p style=\"text-indent: -18.0pt; mso-list: l1 level1 lfo1;\"><!-- [if !supportLists]--><span style=\"font-family: Symbol; mso-fareast-font-family: Symbol; mso-bidi-font-family: Symbol;\">\u00b7<span style=\"font-variant-numeric: normal; font-variant-east-asian: normal; font-stretch: normal; font-size: 7pt; line-height: normal; font-family: 'Times New Roman';\">&nbsp;&nbsp;&nbsp;&nbsp;&nbsp;&nbsp;&nbsp;&nbsp; <\/span><\/span><!--[endif]-->Marka genel \u015fube merkezimiz arac\u0131l\u0131\u011f\u0131 ile olduk\u00e7a basit ve h\u0131zl\u0131 bir \u015fekilde eri\u015fim sa\u011flayabilirsiniz.<\/p>\t\t\t\t\t\t<\/div>\n\t\t\t\t<\/div>\n\t\t\t\t\t<\/div>\n\t\t<\/div>\n\t\t\t\t\t\t\t<\/div>\n\t\t<\/section>\n\t\t\t\t\t\t\t<\/div>\n\t\t","protected":false},"excerpt":{"rendered":"<p>\u0130ran Nakliye \u00d6zellikle s\u00fcrekli olarak geli\u015fen ve de\u011fi\u015fen teknolojik standartlar neticesinde pek \u00e7ok \u00e7e\u015fitli sekt\u00f6rler ve i\u015fkollar\u0131, bir\u00e7ok farkl\u0131 tarz ve niteliklerde olmak \u00fczere kar\u015f\u0131m\u0131za \u00e7\u0131kmaktad\u0131r. Modern \u00e7a\u011f\u0131m\u0131z\u0131n getirileri neticesinde devaml\u0131 olarak de\u011fi\u015fim g\u00f6stermekte olan teknik i\u015f dallar\u0131 da bu alanda olduk\u00e7a \u00f6nemli bir konumda kendisine yer bulmaktad\u0131r. G\u00fcn\u00fcm\u00fczde en kritik teknik hizmet se\u00e7eneklerinin ba\u015f\u0131nda [&hellip;]<\/p>\n","protected":false},"author":1,"featured_media":0,"parent":0,"menu_order":0,"comment_status":"closed","ping_status":"closed","template":"","meta":[],"_links":{"self":[{"href":"https:\/\/oznakgroup.com.tr\/index.php\/wp-json\/wp\/v2\/pages\/307"}],"collection":[{"href":"https:\/\/oznakgroup.com.tr\/index.php\/wp-json\/wp\/v2\/pages"}],"about":[{"href":"https:\/\/oznakgroup.com.tr\/index.php\/wp-json\/wp\/v2\/types\/page"}],"author":[{"embeddable":true,"href":"https:\/\/oznakgroup.com.tr\/index.php\/wp-json\/wp\/v2\/users\/1"}],"replies":[{"embeddable":true,"href":"https:\/\/oznakgroup.com.tr\/index.php\/wp-json\/wp\/v2\/comments?post=307"}],"version-history":[{"count":0,"href":"https:\/\/oznakgroup.com.tr\/index.php\/wp-json\/wp\/v2\/pages\/307\/revisions"}],"wp:attachment":[{"href":"https:\/\/oznakgroup.com.tr\/index.php\/wp-json\/wp\/v2\/media?parent=307"}],"curies":[{"name":"wp","href":"https:\/\/api.w.org\/{rel}","templated":true}]}}