{"id":1594,"date":"2023-01-19T19:41:40","date_gmt":"2023-01-19T19:41:40","guid":{"rendered":"https:\/\/oznakgroup.com.tr\/?page_id=1594"},"modified":"2023-01-19T19:45:12","modified_gmt":"2023-01-19T19:45:12","slug":"suudi-arabistan-nakliye","status":"publish","type":"page","link":"https:\/\/oznakgroup.com.tr\/index.php\/suudi-arabistan-nakliye\/","title":{"rendered":"Suudi Arabistan Nakliye"},"content":{"rendered":"\t\t<div data-elementor-type=\"wp-page\" data-elementor-id=\"1594\" class=\"elementor elementor-1594\">\n\t\t\t\t\t\t\t\t\t<section class=\"elementor-section elementor-top-section elementor-element elementor-element-92e42ea elementor-section-boxed elementor-section-height-default elementor-section-height-default tf-sticky-section tf-sticky-no\" data-id=\"92e42ea\" data-element_type=\"section\" data-settings=\"{&quot;tf_sticky&quot;:&quot;no&quot;}\">\n\t\t\t\t\t\t<div class=\"elementor-container elementor-column-gap-default\">\n\t\t\t\t\t<div class=\"elementor-column elementor-col-100 elementor-top-column elementor-element elementor-element-ae12cb4\" data-id=\"ae12cb4\" data-element_type=\"column\">\n\t\t\t<div class=\"elementor-widget-wrap elementor-element-populated\">\n\t\t\t\t\t\t\t\t<div class=\"elementor-element elementor-element-ff6beeb elementor-widget elementor-widget-text-editor\" data-id=\"ff6beeb\" data-element_type=\"widget\" data-widget_type=\"text-editor.default\">\n\t\t\t\t<div class=\"elementor-widget-container\">\n\t\t\t<style>\/*! elementor - v3.13.3 - 22-05-2023 *\/\n.elementor-widget-text-editor.elementor-drop-cap-view-stacked .elementor-drop-cap{background-color:#69727d;color:#fff}.elementor-widget-text-editor.elementor-drop-cap-view-framed .elementor-drop-cap{color:#69727d;border:3px solid;background-color:transparent}.elementor-widget-text-editor:not(.elementor-drop-cap-view-default) .elementor-drop-cap{margin-top:8px}.elementor-widget-text-editor:not(.elementor-drop-cap-view-default) .elementor-drop-cap-letter{width:1em;height:1em}.elementor-widget-text-editor .elementor-drop-cap{float:left;text-align:center;line-height:1;font-size:50px}.elementor-widget-text-editor .elementor-drop-cap-letter{display:inline-block}<\/style>\t\t\t\t<h2 class=\"\">Suudi Arabistan Nakliye Hizmetleri<\/h2>\n<p class=\"\">Suudi arabistan nakliye hizmetlerimiz Uzman personel kadromuz ile lojistik sekt\u00f6r\u00fcnde faaliyette bulunan \u00d6znak GROUP firmam\u0131z, Suudi Arabistan nakliye hizmetlerinde m\u00fc\u015fterilere her t\u00fcrl\u00fc nakliye alanlar\u0131nda \u00e7\u00f6z\u00fcmler sunuyor. Parsiyel nakliye, frigo nakliye, t\u0131r nakliyesi, gemi nakliyesi, konteyner ta\u015f\u0131mac\u0131l\u0131k, a\u011f\u0131r y\u00fck ta\u015f\u0131mac\u0131l\u0131\u011f\u0131, Ro-Ro ta\u015f\u0131mac\u0131l\u0131k alanlar\u0131nda hizmetlerini s\u00fcrd\u00fcr\u00fcyor. M\u00fc\u015fteri memnuniyeti ilkesi ile hizmetlerini s\u00fcrd\u00fcren firmam\u0131z, kaliteli hizmet anlay\u0131\u015f\u0131 ile her t\u00fcrl\u00fc nakliye \u00e7\u00f6z\u00fcmlerinde m\u00fc\u015fterilerin yan\u0131ndad\u0131r. Alan\u0131nda bilgi ve deneyime sahip ekibimize, \u00e7a\u011fr\u0131 merkezi numaralar\u0131 ile ula\u015farak t\u00fcm lojistik faaliyetlerimizden yararlanabilirsiniz.<\/p>\n<h2 class=\"\"><span id=\"suudi_arabistan_nerede\" class=\"ez-toc-section\"><\/span>Suudi Arabistan Nerede?<\/h2>\n<p class=\"\">Arap Yar\u0131madas\u0131\u2019nda yer alan Suudi Arabistan \u00fclkesinin g\u00fcneyinde Birle\u015fik Arap Emirlikleri, Yemen ,Umman yer al\u0131yor. Ayn\u0131 zamanda Suudi Arabistan\u2019\u0131n Umman K\u00f6rfezi\u2019 ne ve Hint Okyanusu\u2019na k\u0131y\u0131s\u0131 da bulunmaktad\u0131r. Do\u011fusunda Katar, bat\u0131s\u0131nda K\u0131z\u0131ldeniz yer al\u0131yor. Kuzeyinde ise, Irak, Kuveyt, \u00dcrd\u00fcn yer al\u0131yor.<\/p>\n<p class=\"\">Suudi Arabistan d\u00fcnyada zengin petrol yataklar\u0131na sahip \u00fclkelerden birisidir. Ortalama olarak d\u00fcnya petrollerinin %22\u2019sine sahiptir. Ayn\u0131 zamanda do\u011falgaz kaynaklar\u0131na sahip olan \u00fclkeler aras\u0131nda yer al\u0131yor. D\u00fcnyada toplam do\u011falgaz kaynaklar\u0131n\u0131n %4.2\u2019sine sahiptir. Suudi Arabistan\u2019da alt\u0131n ,g\u00fcm\u00fc\u015f, fosfat, \u00e7inko, bak\u0131r, magnezit yataklar\u0131 da yer almaktad\u0131r. Bu \u00fclkede her mevsim s\u0131cak ve kurak ge\u00e7mektedir. Bu a\u00e7\u0131dan akarsu, g\u00f6l yer alm\u0131yor. \u00dclkede sebze ve meyve yeti\u015fmemektedir. Ayn\u0131 zamanda su, sanayile\u015fmeyi de zorla\u015ft\u0131ran unsurlardan biridir.<\/p>\n<h2 class=\"\"><span id=\"suudi_arabistan_tasimacilik_hizmetlerimiz\" class=\"ez-toc-section\"><\/span>Suudi Arabistan Ta\u015f\u0131mac\u0131l\u0131k Hizmetlerimiz<\/h2>\n<p class=\"\">Lojistik sekt\u00f6r\u00fcnde faaliyet g\u00f6steren \u00d6znak GROUP&nbsp;firmam\u0131z hemen hemen her alanda faaliyetlerini s\u00fcrd\u00fcrmektedir. M\u00fc\u015fterilerin her t\u00fcrl\u00fc Suudi Arabistan nakliye ihtiya\u00e7lar\u0131na cevap vermektedir. Bu sekt\u00f6rde hizmet verdi\u011fimiz nakliye alanlar\u0131 ise \u015funlard\u0131r;<\/p>\n<p class=\"\">\u2013 Frigo nakliye,<\/p>\n<p class=\"\">\u2013 Parsiyel nakliye,<\/p>\n<p class=\"\">\u2013 T\u0131r nakliyesi,<\/p>\n<p class=\"\">\u2013 Gemi nakliyesi,<\/p>\n<p class=\"\">\u2013 Konteyner ta\u015f\u0131mac\u0131l\u0131k,<\/p>\n<p class=\"\">\u2013 A\u011f\u0131r y\u00fck ta\u015f\u0131mac\u0131l\u0131\u011f\u0131,<\/p>\n<p class=\"\">\u2013 Ro-Ro ta\u015f\u0131mac\u0131l\u0131k .<\/p>\n<p class=\"\">Lojistik sekt\u00f6rde bu alanlarda m\u00fc\u015fteri istek ve taleplerine kar\u015f\u0131l\u0131k vermekteyiz. Her t\u00fcrl\u00fc nakliye \u00e7\u00f6z\u00fcmlerini sunuyoruz. Alan\u0131nda deneyimli uzman kadromuz ile kesintisiz bir \u015fekilde Suudi Arabistan nakliye hizmetlerine devam ediyoruz.<\/p>\n<h2 class=\"\"><span id=\"frigo_nakliye\" class=\"ez-toc-section\"><\/span>Frigo Nakliye<\/h2>\n<p class=\"\">Suudi Arabistan \u00fclkesinin ihracat ger\u00e7ekle\u015ftirdi\u011fi \u00f6nemli \u00fcr\u00fcnlerin ba\u015f\u0131nda sebze ve meyve gelmektedir. Bu \u00fclke s\u0131cak ve kurak oldu\u011fundan dolay\u0131 su kaynaklar\u0131 da yer alm\u0131yor. Bu a\u00e7\u0131dan \u00fclkede sebze ve meyve yeti\u015ftiricili\u011fi yap\u0131lam\u0131yor. Suudi Arabistan \u00fclkesi de bu \u00fcr\u00fcnleri ihracat yoluyla \u00fclke ihtiya\u00e7lar\u0131n\u0131 kar\u015f\u0131l\u0131yor. T\u00fcrkiye\u2019 den Suudi Arabistan \u00fclkesine sebze ve meyve ihracat faaliyetleri frigo nakliye hizmeti ile ger\u00e7ekle\u015ftiriliyor. Frigo nakliye, so\u011fuk ta\u015f\u0131mac\u0131l\u0131k olarak da biliniyor. Sebze ve meyveler tazeli\u011fini yitirmeden, gerekli \u0131s\u0131 ko\u015fullar\u0131 alt\u0131nda ta\u015f\u0131mac\u0131l\u0131k faaliyetleri s\u00fcrd\u00fcr\u00fcl\u00fcyor. Suudi Arabistan \u00fclkesine \u00fcr\u00fcnler bozulmadan ula\u015ft\u0131r\u0131l\u0131yor. Bu alanda hizmetlerini s\u00fcrd\u00fcren \u00d6znak GROUP&nbsp;firmam\u0131z, ara\u00e7 filosunda yer alan \u00f6zel donan\u0131mlara sahip so\u011futmal\u0131 ara\u00e7lar\u0131 ile Suudi Arabistan nakliye hizmetlerini ger\u00e7ekle\u015ftiriyor.<\/p>\n<h2 class=\"\"><span id=\"suudi_arabistan_nakliye_hizmeti_nasil_gerceklestiriliyor\" class=\"ez-toc-section\"><\/span>Suudi Arabistan Nakliye Hizmeti Nas\u0131l Ger\u00e7ekle\u015ftiriliyor?<\/h2>\n<p class=\"\">Suudi Arabistan \u00fclkesine kara, deniz ve hava yolu ile lojistik faaliyetleri ger\u00e7ekle\u015ftirilebiliyor. Makine, tekstil, mobilya, kimyasal maddeler gibi \u00fcr\u00fcnlerin ithalat faaliyetleri ger\u00e7ekle\u015ftirilir. M\u00fc\u015fterilerin talep etti\u011fi tarihte \u00fcr\u00fcnler ara\u00e7lara y\u00fcklenerek ta\u015f\u0131mac\u0131l\u0131k i\u00e7in haz\u0131r hale getirilir. Ara\u00e7lar i\u00e7in gerekli evraklar haz\u0131rlan\u0131r. Daha sonra g\u00fcmr\u00fckleme i\u015flemleri yap\u0131l\u0131r.<\/p>\n<p class=\"\">Frigo ta\u015f\u0131mac\u0131l\u0131k yapan ara\u00e7lar g\u00fcmr\u00fckleme i\u015flemlerinde daha h\u0131zl\u0131 i\u015flem yap\u0131lan ara\u00e7lard\u0131r. G\u00fcmr\u00fck noktalar\u0131nda \u00f6ncelikli olarak s\u0131raya girebilen ara\u00e7lard\u0131r. G\u00fcmr\u00fck i\u015flemleri tamamlanan ara\u00e7lar Suudi Arabistan \u00fclkesine do\u011fru yola \u00e7\u0131kar. Suudi Arabistan \u00fclkesinin Mekke, Medine, Dammam, Riyad, Cidde olmak \u00fczere bir\u00e7ok \u015fehrine nakliye faaliyetleri ger\u00e7ekle\u015ftirilir. Bu \u00fclkede \u00f6zellikle Hac ve Umre d\u00f6nemlerinde sebze ve meyve olduk\u00e7a fazla t\u00fcketilmektedir. Bu d\u00f6nemlerde daha fazla ihracat faaliyetleri ger\u00e7ekle\u015ftirilir. Firmam\u0131z bu d\u00f6nemlerde de faaliyetlerine ara vermeden yo\u011fun bir \u015fekilde devam etmektedir.<\/p>\t\t\t\t\t\t<\/div>\n\t\t\t\t<\/div>\n\t\t\t\t\t<\/div>\n\t\t<\/div>\n\t\t\t\t\t\t\t<\/div>\n\t\t<\/section>\n\t\t\t\t\t\t\t<\/div>\n\t\t","protected":false},"excerpt":{"rendered":"<p>Suudi Arabistan Nakliye Hizmetleri Suudi arabistan nakliye hizmetlerimiz Uzman personel kadromuz ile lojistik sekt\u00f6r\u00fcnde faaliyette bulunan \u00d6znak GROUP firmam\u0131z, Suudi Arabistan nakliye hizmetlerinde m\u00fc\u015fterilere her t\u00fcrl\u00fc nakliye alanlar\u0131nda \u00e7\u00f6z\u00fcmler sunuyor. Parsiyel nakliye, frigo nakliye, t\u0131r nakliyesi, gemi nakliyesi, konteyner ta\u015f\u0131mac\u0131l\u0131k, a\u011f\u0131r y\u00fck ta\u015f\u0131mac\u0131l\u0131\u011f\u0131, Ro-Ro ta\u015f\u0131mac\u0131l\u0131k alanlar\u0131nda hizmetlerini s\u00fcrd\u00fcr\u00fcyor. M\u00fc\u015fteri memnuniyeti ilkesi ile hizmetlerini s\u00fcrd\u00fcren firmam\u0131z, [&hellip;]<\/p>\n","protected":false},"author":1,"featured_media":0,"parent":0,"menu_order":0,"comment_status":"closed","ping_status":"closed","template":"","meta":[],"_links":{"self":[{"href":"https:\/\/oznakgroup.com.tr\/index.php\/wp-json\/wp\/v2\/pages\/1594"}],"collection":[{"href":"https:\/\/oznakgroup.com.tr\/index.php\/wp-json\/wp\/v2\/pages"}],"about":[{"href":"https:\/\/oznakgroup.com.tr\/index.php\/wp-json\/wp\/v2\/types\/page"}],"author":[{"embeddable":true,"href":"https:\/\/oznakgroup.com.tr\/index.php\/wp-json\/wp\/v2\/users\/1"}],"replies":[{"embeddable":true,"href":"https:\/\/oznakgroup.com.tr\/index.php\/wp-json\/wp\/v2\/comments?post=1594"}],"version-history":[{"count":0,"href":"https:\/\/oznakgroup.com.tr\/index.php\/wp-json\/wp\/v2\/pages\/1594\/revisions"}],"wp:attachment":[{"href":"https:\/\/oznakgroup.com.tr\/index.php\/wp-json\/wp\/v2\/media?parent=1594"}],"curies":[{"name":"wp","href":"https:\/\/api.w.org\/{rel}","templated":true}]}}