{"id":1588,"date":"2023-01-19T19:34:17","date_gmt":"2023-01-19T19:34:17","guid":{"rendered":"https:\/\/oznakgroup.com.tr\/?page_id=1588"},"modified":"2023-01-19T19:40:18","modified_gmt":"2023-01-19T19:40:18","slug":"lubnan-nakliye","status":"publish","type":"page","link":"https:\/\/oznakgroup.com.tr\/index.php\/lubnan-nakliye\/","title":{"rendered":"L\u00fcbnan Nakliye"},"content":{"rendered":"\t\t<div data-elementor-type=\"wp-page\" data-elementor-id=\"1588\" class=\"elementor elementor-1588\">\n\t\t\t\t\t\t\t\t\t<section class=\"elementor-section elementor-top-section elementor-element elementor-element-ec33891 elementor-section-boxed elementor-section-height-default elementor-section-height-default tf-sticky-section tf-sticky-no\" data-id=\"ec33891\" data-element_type=\"section\" data-settings=\"{&quot;tf_sticky&quot;:&quot;no&quot;}\">\n\t\t\t\t\t\t<div class=\"elementor-container elementor-column-gap-default\">\n\t\t\t\t\t<div class=\"elementor-column elementor-col-100 elementor-top-column elementor-element elementor-element-7089d1c\" data-id=\"7089d1c\" data-element_type=\"column\">\n\t\t\t<div class=\"elementor-widget-wrap elementor-element-populated\">\n\t\t\t\t\t\t\t\t<div class=\"elementor-element elementor-element-50a0aac elementor-widget elementor-widget-text-editor\" data-id=\"50a0aac\" data-element_type=\"widget\" data-widget_type=\"text-editor.default\">\n\t\t\t\t<div class=\"elementor-widget-container\">\n\t\t\t<style>\/*! elementor - v3.13.3 - 22-05-2023 *\/\n.elementor-widget-text-editor.elementor-drop-cap-view-stacked .elementor-drop-cap{background-color:#69727d;color:#fff}.elementor-widget-text-editor.elementor-drop-cap-view-framed .elementor-drop-cap{color:#69727d;border:3px solid;background-color:transparent}.elementor-widget-text-editor:not(.elementor-drop-cap-view-default) .elementor-drop-cap{margin-top:8px}.elementor-widget-text-editor:not(.elementor-drop-cap-view-default) .elementor-drop-cap-letter{width:1em;height:1em}.elementor-widget-text-editor .elementor-drop-cap{float:left;text-align:center;line-height:1;font-size:50px}.elementor-widget-text-editor .elementor-drop-cap-letter{display:inline-block}<\/style>\t\t\t\t<h2>L\u00fcbnan Nakliye Hizmetleri<\/h2>\n<p>M\u00fc\u015fteriyle uzun vadede kal\u0131c\u0131 ili\u015fkiler kurmay\u0131 ama\u00e7layan \u00d6znak GROUP, m\u00fc\u015fterilerin istekleri do\u011frultusunda&nbsp;<strong>L\u00fcbnan nakliye<\/strong> faaliyetlerini yapmaktad\u0131r. Parsiyel, grupaj ve par\u00e7a nakliyat hizmetini en iyi \u015fekilde yerine getiren firma L\u00fcbnan\u2019a haftan\u0131n belirli g\u00fcnlerinde denizyolu Ro-Ro ve gemi ile gitmektedir. Alan\u0131nda e\u011fitim alm\u0131\u015f uzman ki\u015filerle birlikte y\u0131llard\u0131r hizmet vererek deneyim kazanan firma L\u00fcbnan\u2019a ta\u015f\u0131mac\u0131l\u0131k hizmeti sa\u011flamaktad\u0131r.-<\/p>\n<h2>L\u00fcbnan Ro-ro Ta\u015f\u0131mac\u0131l\u0131k Hizmeti<\/h2>\n<p>G\u00fcn\u00fcm\u00fczde \u00f6zellikle genel teknolojik standartlar\u0131n b\u00fcy\u00fck \u00f6l\u00e7\u00fcde geli\u015fim g\u00f6stermesi ile olduk\u00e7a \u00f6nemli bir konuma kadar y\u00fckselmi\u015f olan genel nakliyat ve ta\u015f\u0131mac\u0131l\u0131k hizmetleri, uluslararas\u0131 arenada da en \u00e7ok tercih edilen teknik hizmetler aras\u0131nda kendisine yer bulmaktad\u0131r. Pek \u00e7ok farkl\u0131 tarz ve niteliklerde olarak genel sekt\u00f6r i\u00e7erisinde kendisine yer bulmakta olan genel ta\u015f\u0131mac\u0131l\u0131k \u00e7al\u0131\u015fmalar\u0131; genel olarak hem demiryolu hem karayolu hem de havayolu ta\u015f\u0131mac\u0131l\u0131\u011f\u0131 \u015feklinde genel lojistik sekt\u00f6r\u00fc i\u00e7erisinde kendisine yer bulmaktad\u0131r.<\/p>\n<p>Modern \u00e7a\u011f\u0131m\u0131zda olduk\u00e7a pop\u00fcler bir i\u015fkolu olmak suretiyle \u00f6ne \u00e7\u0131kmakta olan genel denizyolu lojistik hizmetleri de s\u00f6z konusu temel nakliye hizmetleri i\u00e7erisinde olduk\u00e7a nitelikli bir \u015fekilde kullan\u0131ma sunulmaktad\u0131r. G\u00fcn\u00fcm\u00fczde en pop\u00fcler denizyolu ta\u015f\u0131mac\u0131l\u0131k t\u00fcrlerinden bir tanesi olarak \u00f6ne \u00e7\u0131kan Ro-Ro ta\u015f\u0131mac\u0131l\u0131k hizmetleri de A noktas\u0131ndan B noktas\u0131na gemiler arac\u0131l\u0131\u011f\u0131yla ta\u015f\u0131mac\u0131l\u0131k yap\u0131lmas\u0131 a\u00e7\u0131s\u0131ndan olduk\u00e7a iyi bir \u00f6rnektir. Genel olarak \u00fclkemiz olan T\u00fcrkiye\u2019nin olduk\u00e7a yak\u0131n bir b\u00f6lgesinde konumlanm\u0131\u015f olan L\u00fcbnan b\u00f6lgesi i\u00e7in de L\u00fcbnan Nakliye&nbsp;<strong>L\u00fcbnan Ro ro ta\u015f\u0131mac\u0131l\u0131k hizmeti<\/strong>&nbsp;olduk\u00e7a \u00f6nemli bir konumda yer almaktad\u0131r. S\u00f6z konusu \u00d6znak GROUP markam\u0131z da bu noktada olduk\u00e7a kritik bir konumda kendisine yer bulmakta ve kendi sekt\u00f6r\u00fcnde de en \u00e7ok tercih edilen i\u015fletmeler aras\u0131nda bulunmaktad\u0131r.<\/p>\n<h2>L\u00fcbnan Nakliye G\u00fczergah\u0131<\/h2>\n<p>\u00dclkemizin en \u00f6nemli ticari i\u015f ortaklar\u0131ndan olan ve konum olarak da \u00fclkemize olduk\u00e7a yak\u0131n bir konumda yer alan L\u00fcbnan i\u00e7in genel lojistik ve ta\u015f\u0131mac\u0131l\u0131k hizmetlerine kesintisiz bir \u015fekilde devam etmekte olan \u00d6znak GROUP&nbsp;markam\u0131z, do\u011frudan m\u00fc\u015fteri memnuniyetini odak alan \u00e7al\u0131\u015fmalar\u0131n\u0131 da hi\u00e7 ara vermeden s\u00fcrd\u00fcrmektedir. Genel olarak&nbsp;<strong>L\u00fcbnan nakliye g\u00fczergah\u0131<\/strong>&nbsp;\u00fczerinde yer alan pek \u00e7ok farkl\u0131 \u015fehir ve b\u00f6lge i\u00e7in direkt olarak profesyonel nakliye ve lojistik \u00e7al\u0131\u015fmalar\u0131 ile tan\u0131nmakta olan \u00d6znak GROUP&nbsp;firmam\u0131z, sekt\u00f6r b\u00fcnyesinde y\u00fcksek deneyim ve tecr\u00fcbe sahibi teknik ekip kadrosuna da sahip olmas\u0131 ile \u00f6ne \u00e7\u0131kmaktad\u0131r.<\/p>\n<p>Beyrut, Biblos, Sayda, Trablus\u015fam ve Zahle gibi pek \u00e7ok farkl\u0131 L\u00fcbnan \u015fehri i\u00e7in direkt olarak genel nakliye ve lojistik hizmetleri sunmakta olan s\u00f6z konusu&nbsp;<span style=\"letter-spacing: 0px;\">\u00d6znak GROUP<\/span><span style=\"letter-spacing: 0px;\">&nbsp;i\u015fletmemiz, uluslararas\u0131 d\u00fczeyde genel hizmet standartlar\u0131na sahip olmas\u0131 ile tan\u0131nmaktad\u0131r. Uluslararas\u0131 arenada da \u00fclkemiz olan T\u00fcrkiye\u2019yi hakk\u0131yla temsil etmekte olan&nbsp;<\/span>\u00d6znak GROUP<span style=\"letter-spacing: 0px;\">&nbsp;markam\u0131z, do\u011frudan m\u00fc\u015fteri memnuniyetini odak alan hizmetlerine de kesintisiz bir \u015fekilde devam etmektedir. Pek \u00e7ok farkl\u0131 ileti\u015fim yolu ile s\u00f6z konusu genel lojistik ve ta\u015f\u0131mac\u0131l\u0131k \u00e7al\u0131\u015fmalar\u0131n\u0131 s\u00fcrd\u00fcrmekte olan s\u00f6z konusu i\u015fletmemiz, olduk\u00e7a geni\u015f bilgi i\u00e7erikli ve zengin donan\u0131ml\u0131 marka internet web sitesine de sahip olmas\u0131 ile \u00f6ne \u00e7\u0131kmaktad\u0131r.<\/span><\/p>\n<p>G\u00fcnl\u00fck \u015fartlar\u0131 g\u00f6z \u00f6n\u00fcnde bulundurdu\u011fumuzda; Suriye sava\u015ftan dolay\u0131 kapal\u0131 oldu\u011fu i\u00e7in ara\u00e7lar\u0131m\u0131z Ta\u015fucu liman\u0131ndan L\u00fcbnan Trablus Liman\u0131na inmektedir.<\/p>\n<div>\n<table>\n<thead>\n<tr>\n<th><strong>\u00c7\u0131k\u0131\u015f Noktas\u0131<\/strong><\/th>\n<th><strong>Var\u0131\u015f Noktas\u0131<\/strong><\/th>\n<th>Seferler<\/th>\n<\/tr>\n<\/thead>\n<tbody>\n<tr>\n<td>Mersin Ta\u015fucu Liman\u0131<\/td>\n<td>L\u00fcbnan Trablus (Tripoli) Liman\u0131<\/td>\n<td>Haftada 2 g\u00fcn<\/td>\n<\/tr>\n<tr>\n<td>L\u00fcbnan Trablus (Tripoli) Liman\u0131<\/td>\n<td>Mersin Ta\u015fucu Liman\u0131<\/td>\n<td>Haftada 2 g\u00fcn<\/td>\n<\/tr>\n<\/tbody>\n<\/table>\n<p>L\u00fcbnan nakliye g\u00fczergah\u0131<\/p>\n<\/div>\n<h2><span><\/span>L\u00fcbnan Nakliye Transit S\u00fcreleri<\/h2>\n<p>Genel olarak \u00fclkemiz olan T\u00fcrkiye ve \u00fclkemize olduk\u00e7a yak\u0131n b\u00f6lgeler kapsam\u0131nda bir hayli reva\u00e7ta olan genel lojistik ve ta\u015f\u0131mac\u0131l\u0131k hizmetleri, spesifik d\u00fczeyde bir transit s\u00fcresine de sahip olmas\u0131 ile \u00f6ne \u00e7\u0131kmaktad\u0131r. \u00dclkemize yakla\u015f\u0131k olarak 900 km bir uzakl\u0131kta kendisine yer alan s\u00f6z konusu \u00d6znak GROUP&nbsp;firmam\u0131z, do\u011frudan m\u00fc\u015fteri memnuniyeti odakl\u0131 teknik lojistik hizmetlerine de kesintisiz bir \u015fekilde devam etmektedir. T\u00fcrkiye L\u00fcbnan T\u0131r ka\u00e7 g\u00fcnde gider sorusunun cevab\u0131 l\u00fcbnan\u2019a T\u0131r 5-6 G\u00fcnde Ula\u015f\u0131r. D\u00fcnyan\u0131n pek \u00e7ok farkl\u0131 b\u00f6lgesinde oldu\u011fu gibi \u00fclkemiz ve L\u00fcbnan aras\u0131nda da en \u00e7ok tercih edilen teknik hizmetlerden bir tanesi olarak \u00f6ne \u00e7\u0131kan genel nakliye ve lojistik hizmetleri, olduk\u00e7a geni\u015f i\u00e7erikli ve zengin kapsaml\u0131 bir hizmet portf\u00f6y\u00fc b\u00fcnyesinde de kendisine yer bulmaktad\u0131r.<\/p>\n<p>Kendi sekt\u00f6r\u00fcnde hizmet sunan envai\u00e7e\u015fit profesyonel firmalara nazaran olduk\u00e7a k\u0131sa s\u00fcrekli ve h\u0131zl\u0131 seviyede&nbsp;<strong>L\u00fcbnan nakliye transit s\u00fcreleri<\/strong>&nbsp;ile \u00f6ne \u00e7\u0131kmakta olan \u00d6znak GROUP&nbsp;i\u015fletmemiz, kendi alan\u0131nda y\u00fcksek deneyim ve tecr\u00fcbe sahibi olan teknik ekip personeline de marka b\u00fcnyesinde yer vermektedir.<\/p>\n<p>Profesyonel seviyede teknik lojistik hizmetleri ve olduk\u00e7a yetkin d\u00fczeyde teknik ekip kadrosu ile s\u00f6z konusu sekt\u00f6r i\u00e7erisindeki hizmetlerine kesintisiz bir \u015fekilde devam etmekte olan markam\u0131z, olduk\u00e7a geni\u015f bilgi i\u00e7erikli ve zengin donan\u0131ml\u0131 bir i\u015fletme web sitesine de sahip olmas\u0131 ile tan\u0131nmaktad\u0131r. G\u00fcn i\u00e7erisinde s\u00f6z konusu i\u015fletmemizin envai\u00e7e\u015fit teknik hizmet se\u00e7eneklerine; marka internet web sitemiz, firma GSM telefon numaram\u0131z veya genel \u015fube merkezimiz arac\u0131l\u0131\u011f\u0131yla olduk\u00e7a kolay bir \u015fekilde eri\u015fim sa\u011flayabilirsiniz.<\/p>\n<p><\/p>\t\t\t\t\t\t<\/div>\n\t\t\t\t<\/div>\n\t\t\t\t\t<\/div>\n\t\t<\/div>\n\t\t\t\t\t\t\t<\/div>\n\t\t<\/section>\n\t\t\t\t\t\t\t<\/div>\n\t\t","protected":false},"excerpt":{"rendered":"<p>L\u00fcbnan Nakliye Hizmetleri M\u00fc\u015fteriyle uzun vadede kal\u0131c\u0131 ili\u015fkiler kurmay\u0131 ama\u00e7layan \u00d6znak GROUP, m\u00fc\u015fterilerin istekleri do\u011frultusunda&nbsp;L\u00fcbnan nakliye faaliyetlerini yapmaktad\u0131r. Parsiyel, grupaj ve par\u00e7a nakliyat hizmetini en iyi \u015fekilde yerine getiren firma L\u00fcbnan\u2019a haftan\u0131n belirli g\u00fcnlerinde denizyolu Ro-Ro ve gemi ile gitmektedir. Alan\u0131nda e\u011fitim alm\u0131\u015f uzman ki\u015filerle birlikte y\u0131llard\u0131r hizmet vererek deneyim kazanan firma L\u00fcbnan\u2019a ta\u015f\u0131mac\u0131l\u0131k hizmeti [&hellip;]<\/p>\n","protected":false},"author":1,"featured_media":0,"parent":0,"menu_order":0,"comment_status":"closed","ping_status":"closed","template":"","meta":[],"_links":{"self":[{"href":"https:\/\/oznakgroup.com.tr\/index.php\/wp-json\/wp\/v2\/pages\/1588"}],"collection":[{"href":"https:\/\/oznakgroup.com.tr\/index.php\/wp-json\/wp\/v2\/pages"}],"about":[{"href":"https:\/\/oznakgroup.com.tr\/index.php\/wp-json\/wp\/v2\/types\/page"}],"author":[{"embeddable":true,"href":"https:\/\/oznakgroup.com.tr\/index.php\/wp-json\/wp\/v2\/users\/1"}],"replies":[{"embeddable":true,"href":"https:\/\/oznakgroup.com.tr\/index.php\/wp-json\/wp\/v2\/comments?post=1588"}],"version-history":[{"count":0,"href":"https:\/\/oznakgroup.com.tr\/index.php\/wp-json\/wp\/v2\/pages\/1588\/revisions"}],"wp:attachment":[{"href":"https:\/\/oznakgroup.com.tr\/index.php\/wp-json\/wp\/v2\/media?parent=1588"}],"curies":[{"name":"wp","href":"https:\/\/api.w.org\/{rel}","templated":true}]}}